Let n(c) = c**2 - 14*c + 14. What is n(11)?
-19
Let m(c) = c**2 - 60*c + 224. What is m(56)?
0
Let u(s) = s**3 + 10*s**2 + 13*s + 33. What is u(-9)?
-3
Let g(l) = -l**3 + 13*l**2 + 27*l - 11. Calculate g(15).
-56
Let g(v) = 2*v**3 + 5*v**2 - 2*v + 1. What is g(-3)?
-2
Let p(v) = 39*v + 1483. Give p(-38).
1
Let b(w) = -w**2 - 3*w - 3. Determine b(3).
-21
Let n(c) = c + 41. Calculate n(-11).
30
Let l(b) = -b + 2. Give l(7).
-5
Let q(b) = 4*b - 3. What is q(2)?
5
Let x(w) = w**2 - 12*w + 27. What is x(11)?
16
Let w(f) = 5*f - 19. Give w(4).
1
Let l(r) = -r**2 - 7*r + 3. Give l(-6).
9
Let q(y) = -y**3 - 13*y**2 - y + 7. What is q(-13)?
20
Let q(v) = v**3 + 6*v**2 + 5*v + 106. Determine q(-7).
22
Let v(o) = 5*o - 155. Give v(31).
0
Let d(l) = -2*l**2 - 7*l + 15. Give d(-6).
-15
Let c(x) = -x**3 + 15*x**2 - 16*x + 19. Calculate c(14).
-9
Let g(n) = 4*n + 18. Give g(-5).
-2
Let n(r) = -r**3 - 6*r**2 + r - 31. Calculate n(-6).
-37
Let o(h) = -h**3 - 10*h**2 - 7*h + 4. Determine o(-9).
-14
Let p(d) = 23*d + 261. Determine p(-11).
8
Let k(p) = p**2 + 3*p + 7. Give k(5).
47
Let g(o) = -2*o**2 + 23*o + 4. Determine g(11).
15
Let b(k) = k**2 + 17*k - 25. Give b(-18).
-7
Let k(m) = 2*m - 6. Determine k(4).
2
Let c(y) = -y**2 - 17*y + 23. Give c(-18).
5
Let q(h) = 3*h**2 - h. Determine q(-2).
14
Let c(z) = z**3 + 9*z**2 + 7*z + 7. What is c(-9)?
-56
Let u(l) = l**3 + l**2 + 3*l + 7. Determine u(-2).
-3
Let b(k) = -k**3 + 20*k**2 - 13*k - 118. Determine b(19).
-4
Let a(t) = 9*t - 13. Determine a(2).
5
Let w(g) = -132*g + 797. Determine w(6).
5
Let n(t) = -6*t + 52. What is n(7)?
10
Let k(s) = -s**3 + 10*s**2 - 12*s + 21. What is k(9)?
-6
Let m(c) = -c + 7. What is m(7)?
0
Let h(z) = -z**3 - z**2 + 3*z + 6. Give h(0).
6
Let n(i) = i**2 + 23*i + 53. What is n(-22)?
31
Let q(t) = -7*t**2 + 4*t + 8. Give q(-1).
-3
Let c(u) = -u**2 - 10*u - 9. Give c(-6).
15
Let n(d) = 3*d + 1. Calculate n(-5).
-14
Let h(s) = s**3 - s**2 - 2*s - 12. Determine h(0).
-12
Let m(r) = 26*r - 4. What is m(-2)?
-56
Let b(k) = -k**3 - 7*k**2 + 24*k + 2. Determine b(3).
-16
Let z(n) = n - 10. Give z(9).
-1
Let w(c) = -12*c + 2. Give w(5).
-58
Let k(p) = -p**3 - 2. Determine k(2).
-10
Let h(w) = -2*w**3 + 5*w**2 - 3*w - 3. Calculate h(3).
-21
Let d(l) = -2*l + 30. Determine d(13).
4
Let b(y) = -3*y + 35. Calculate b(12).
-1
Let f(n) = -n + 1. What is f(31)?
-30
Let n(t) = t**3 - 50*t - 10. What is n(-7)?
-3
Let d(m) = m**2 + m - 7. Calculate d(-6).
23
Let a(p) = -3*p + 50. What is a(19)?
-7
Let w(g) = -8*g - 76. Calculate w(-5).
-36
Let j(f) = -f - 10. Determine j(-12).
2
Let w(k) = -k**3 - 6*k**2 + 9*k - 3. Calculate w(-7).
-17
Let o(y) = 8*y**2 + 463*y - 54. What is o(-58)?
4
Let b(l) = -3*l**3 + 5*l**2 - 3*l - 4. What is b(3)?
-49
Let d(c) = -c + 7. Give d(-5).
12
Let l(g) = -4*g**2 + 7*g - 5. What is l(2)?
-7
Let i(q) = q**3 + 7*q**2 - 6*q + 10. What is i(-8)?
-6
Let n(y) = -27*y**3 + y - 1. Determine n(1).
-27
Let f(b) = b**2 - 12*b + 17. Give f(8).
-15
Let i(a) = -a**3 + 9*a**2 - 23*a + 19. Give i(6).
-11
Let x(n) = -4*n - 25. Determine x(-8).
7
Let t(s) = 6*s**2 - 2*s - 10. Determine t(-2).
18
Let j(z) = 5*z**2 - 4*z - 6. Give j(5).
99
Let p(k) = 10*k - 48. Determine p(7).
22
Let a(l) = -2*l**2 + l + 1. What is a(3)?
-14
Let c(w) = w - 6. Determine c(0).
-6
Let a(l) = -l**2 + l. Determine a(2).
-2
Let p(i) = -3*i - 3. Give p(5).
-18
Let a(o) = -3*o**2 - 11*o + 12. What is a(3)?
-48
Let u(x) = -x - 9. Give u(-6).
-3
Let q(y) = -2*y**2 + 15*y - 6. Determine q(7).
1
Let x(k) = -10*k + 111. What is x(11)?
1
Let j(u) = -13*u**3 - 1. Give j(-1).
12
Let o(f) = -f**3 + 8*f**2 + 12*f - 25. Determine o(9).
2
Let c(a) = -a**2 + 17*a + 5. Determine c(17).
5
Let d(v) = v**3 - 7*v**2 + 14*v - 37. Calculate d(6).
11
Let c(j) = -j + 2. Determine c(2).
0
Let s(h) = -5*h - 13. Give s(-4).
7
Let z(r) = r**3 + 3*r**2 + 5*r. Calculate z(-2).
-6
Let g(r) = 8*r + 105. What is g(-14)?
-7
Let q(p) = -p**3 + 17*p**2 + 15*p - 57. Calculate q(18).
-111
Let b(q) = 2*q**2 + 8*q + 10. Determine b(-5).
20
Let y(z) = -z**2 - 3*z + 30. Give y(-7).
2
Let i(w) = 64*w - 67. Give i(1).
-3
Let j(o) = 67*o + 677. Determine j(-10).
7
Let q(l) = 2*l**2 - 11*l + 6. What is q(4)?
-6
Let i(b) = b**3 - 6*b**2 + 4*b - 7. Calculate i(6).
17
Let z(o) = -6*o - 6. Calculate z(0).
-6
Let k(z) = 5*z + 13. Give k(-6).
-17
Let t(f) = -f**2 + 63*f - 61. Give t(62).
1
Let y(k) = k**3 - 11*k**2 + 12*k + 52. What is y(9)?
-2
Let g(d) = -d - 16. Determine g(-12).
-4
Let c(p) = -p**2 - p + 14. What is c(-6)?
-16
Let i(x) = x**3 - 11*x**2 - 40*x. What is i(14)?
28
Let y(x) = -x**3 - 12*x**2 + 2*x + 27. What is y(-12)?
3
Let x(d) = -3*d - 4. Give x(-1).
-1
Let h(p) = p**3 + 10*p**2 - 1. What is h(-10)?
-1
Let v(k) = -k + 20. What is v(5)?
15
Let j(v) = -4*v - 3. Determine j(-4).
13
Let r(a) = a**3 - 9*a**2 + 3*a + 17. Determine r(8).
-23
Let c(i) = -i**3 + 15*i**2 - 19*i + 68. Determine c(14).
-2
Let t(a) = -2*a - 70. Determine t(-6).
-58
Let d(t) = 4*t - 70. Calculate d(16).
-6
Let f(s) = -s**3 + 10*s**2 + 28*s + 9. Give f(-2).
1
Let k(c) = -c**3 - 26*c**2 + 56*c + 18. Give k(-28).
18
Let f(z) = -12*z**2 + 5*z + 3. Determine f(2).
-35
Let h(z) = z**3 - 2*z**2 - 3*z. Calculate h(-3).
-36
Let d(m) = -m**3 - m**2 + 63. Calculate d(0).
63
Let o(z) = -z**3 - 19*z**2 + 23*z + 72. Calculate o(-20).
12
Let p(s) = s**3 - 7*s**2 - s + 4. Give p(8).
60
Let d(i) = i**2 + 25*i - 29. What is d(-26)?
-3
Let u(h) = h + 6. Calculate u(-2).
4
Let r(n) = n**3 - 12*n**2 + 21*n + 13. What is r(10)?
23
Let b(k) = -k**2 - k + 12. Give b(-4).
0
Let y(f) = f**2 - 14*f + 5. Give y(0).
5
Let x(o) = o**3 - 18*o**2 - 18*o - 25. Calculate x(19).
-6
Let v(a) = 6*a**2 - 7*a. Calculate v(2).
10
Let o(a) = -a**2 + 15*a - 11. Determine o(14).
3
Let q(p) = p - 27. Calculate q(23).
-4
Let s(b) = 7*b - 40. What is s(3)?
-19
Let z(d) = -13*d + 7. Calculate z(-3).
46
Let o(w) = -28*w + 85. Calculate o(3).
1
Let f(b) = -b**3 - 4*b**2 + b - 2. What is f(-4)?
-6
Let g(b) = 2*b - 37. What is g(5)?
-27
Let h(f) = f**3 + 2*f**2 - 2*f + 4. Determine h(3).
43
Let n(r) = 6*r - 2. Give n(-6).
-38
Let h(y) = -3*y + 9. Determine h(8).
-15
Let h(z) = -z**2 - 7*z + 13. What is h(-8)?
5
Let h(u) = -2*u**2 - u + 67. What is h(0)?
67
Let l(d) = -3*d**2 - d + 48. Give l(0).
48
Let w(x) = x**2 - 5*x + 4. Determine w(3).
-2
Let y(x) = -48*x - 379. What is y(-8)?
5
Let w(c) = -c**3 + 11*c**2 - 31*c. What is w(8)?
-56
Let c(m) = -m**3 + 6*m**2 + 2*m + 1. Determine c(6).
13
Let t(b) = b**2 - 11*b - 7. Give t(7).
-35
Let m(y) = -y**2 + 12*y - 14. Calculate m(12).
-14
Let x(h) = -4*h - 92. Give x(-20).
-12
Let b(w) = 126*w + 758. Calculate b(-6).
2
Let v(n) = -n**3 + 10*n**2 + 2*n - 15. Determine v(10).
5
Let x(a) = 6*a + 33. Give x(-13).
-45
Let i(c) = -14*c - 7. Determine i(-2).
21
Let g(k) = k**2 + 13*k + 8. What is g(-10)?
-22
Let b(o) = o**3 + 6*o**2 - 4*o - 16. What is b(-6)?
8
Let j(u) = -2*u**3 + 16*u**2 + 11*u - 16. Calculate j(9).
-79
Let n(u) = -10*u**2. Determine n(1).
-10
Let x(q) = -35*q - 170. What is x(-5)?
5
Let p(n) = -2*n**3 - 11*n**2 - 2*n + 7. Determine p(-5).
-8
Let i(c) = c**2 - 9*c - 13. What is i(10)?
-3
Let n(a) = a**3 + 3*a**2 - 4*a - 4. Calculate n(-4).
-4
Let z(n) = 2*n**2 + 9*n - 1. Calculate z(-7).
34
Let p(z) = z**3 - 2*z**2 - 398*z + 21. Calculate p(-19).
2
Let j(q) = -q**3 + 16*q**2 + 4*q - 37. What is j(16)?
27
Let n(t) = t**3 - 12*t**2 - 17. Calculate n(12).
-17
Let v(u) = u**2 + 10. Give v(0).
10
Let m(u) = 4*u - 9. What is m(4)?
7
Let t(b) = -b**3 + 7*b**2 - 9*b + 3. Give t(4).
15
Let p(z) = -z**3 - 14*z**2 + 20*z + 22. Give p(-15).
-53
Let j(w) = -w**3 + 21*w**2 + 21*w - 10. Determine j(22).
-32
Let x(o) = o**2 - 2*o - 23. Calculate x(5).
-8
Let k(h) = h**2 - 19*h + 60. What is k(6)?
-18
Let f(a) = 2*a**2 + 57*a + 86. What is f(-27)?
5
Let n(y) = y**3 + 22*y**2 + 40*y + 5. Calculate n(-20).
5
Let v(r) = 2*r**3 + 15*r**2 + 7*r + 4. Give v(-7).
4
Let y(x) = -x**2 + 2*x + 31. Calculate y(6).
7
Let c(l) = l**2 - 9*l + 23. Give c(6).
5
Let k(r) = r**3 - 7*r**2 - 4*r + 22. Give k(7).
-6
Let r(l) = 2*l**2 - l + 4. Give r(-5).
59
Let u(w) = 4*w + 19. Give u(-6).
-5
Let d(z) = -3*z + 11. Calculate d(-4).
23
Let x(w) = w**2 + w. What is x(-4)?
12
Let j(c) = c**3 - 5*c**2 + 2